?
280a
Convert 1481 (base 11) to base 6.
12452
770 (base 9) to base 13
396
917 (base 14) to base 15
7e0
-a021 (base 12) to base 3
-212201221
Convert -2de1 (base 15) to base 16.
-269e
Convert -1021 (base 7) to base 8.
-546
Convert -2446 (base 9) to base 6.
-12240
Convert 33102 (base 4) to base 12.
696
Convert -111010001010 (base 2) to base 15.
-1182
What is 22100 (base 3) in base 9?
270
1767 (base 8) to base 9
1347
462 (base 9) to base 5
3010
265c (base 14) to base 5
203441
Convert -bca0 (base 15) to base 10.
-39975
Convert 15a5 (base 11) to base 4.
200003
What is 1627 (base 8) in base 13?
559
-5662 (base 7) to base 2
-100000000101
What is -720 (base 10) in base 16?
-2d0
What is -2ba (base 13) in base 9?
-605
Convert -2d0 (base 16) to base 6.
-3200
-1909 (base 13) to base 2
-111010001111
Convert 17a8 (base 13) to base 7.
13154
Convert 1070 (base 16) to base 9.
5685
-210101010 (base 3) to base 15
-493c
1810 (base 16) to base 8
14020
What is -332 (base 9) in base 12?
-1a8
Convert -c46 (base 14) to base 11.
-18a5
Convert 1020430 (base 6) to base 2.
1100000100000010
What is 3267 (base 9) in base 13?
1135
Convert -6197 (base 10) to base 4.
-1200311
43bb (base 12) to base 10
7487
What is 508 (base 10) in base 8?
774
Convert -220121 (base 3) to base 16.
-298
Convert -68482 (base 9) to base 5.
-2424341
-294 (base 15) to base 2
-1001001101
What is -3b7 (base 15) in base 16?
-34f
Convert -10462 (base 8) to base 4.
-1010302
What is 112220 (base 3) in base 5?
3102
What is -2431 (base 6) in base 10?
-595
-111000010011 (base 2) to base 4
-320103
Convert 224241 (base 5) to base 7.
32350
Convert -587 (base 12) to base 14.
-42b
What is -2243014 (base 5) in base 15?
-be74
1972 (base 16) to base 10
6514
Convert 6975 (base 12) to base 11.
8915
8969 (base 13) to base 6
224452
Convert -505 (base 13) to base 4.
-31102
What is -534 (base 14) in base 9?
-1360
What is 3e1c (base 15) in base 3?
200020200
Convert 10001001101000 (base 2) to base 11.
6688
-731 (base 9) to base 10
-595
91b (base 12) to base 8
2447
-19248 (base 10) to base 6
-225040
What is -798 (base 12) in base 16?
-464
Convert -30330 (base 5) to base 7.
-5505
-32231 (base 10) to base 15
-983b
16121 (base 10) to base 16
3ef9
Convert -5107 (base 8) to base 5.
-41011
-a0 (base 15) to base 11
-127
What is 245 (base 6) in base 3?
10202
What is 1c5 (base 16) in base 11?
382
What is -a898 (base 16) in base 2?
-1010100010011000
What is 4007 (base 9) in base 7?
11344
1831 (base 10) to base 15
821
What is -832 (base 11) in base 4?
-33223
545 (base 13) to base 2
1110000110
What is 3564 (base 8) in base 15?
873
-25807 (base 11) to base 3
-1212122010
-11102031 (base 4) to base 16
-548d
What is 1611 (base 10) in base 13?
96c
-4b3 (base 12) to base 8
-1307
What is -11bc (base 14) in base 9?
-4231
-cb (base 15) to base 8
-277
Convert 75651 (base 8) to base 10.
31657
What is -340 (base 14) in base 6?
-2552
31 (base 13) to base 12
34
Convert -4231 (base 6) to base 4.
-32323
What is 3001 (base 5) in base 15?
1a1
What is 205 (base 11) in base 6?
1051
What is -430 (base 14) in base 16?
-33a
What is 152 (base 6) in base 5?
233
3913 (base 13) to base 4
1333000
Convert -713 (base 10) to base 16.
-2c9
Convert 37e4 (base 15) to base 12.
6a8a
Convert -120220 (base 3) to base 12.
-2b9
What is 4a6 (base 12) in base 4?
22332
What is 102033303 (base 4) in base 5?
4342424
Convert -22 (base 10) to base 6.
-34
What is -26518 (base 11) in base 15?
-b362
What is 72467 (base 8) in base 14?
ad15
-2032301 (base 4) to base 9
-13472
3b3 (base 15) to base 9
1136
10111001 (base 2) to base 7
353
-19820 (base 13) to base 2
-1100001000110000
Convert 3333333 (base 5) to base 2.
1110010011100001
5192 (base 16) to base 12
10102
What is 71dc (base 14) in base 4?
10302032
What is 7290 (base 12) in base 11?
9427
-2523 (base 9) to base 16
-75c
Convert -403 (base 8) to base 10.
-259
What is 13225 (base 7) in base 13?
17cb
Convert 19 (base 10) to base 16.
13
Convert -156a1 (base 12) to base 16.
-7699
What is 241433 (base 5) in base 7?
35135
Convert -124 (base 6) to base 5.
-202
What is 366 (base 10) in base 14?
1c2
Convert -7446 (base 14) to base 12.
-b732
230 (base 14) to base 8
662
What is 110001011 (base 2) in base 3?
112122
Convert -1011010000 (base 2) to base 8.
-1320
What is -28 (base 11) in base 6?
-50
a6 (base 13) to base 2
10001000
What is -211034 (base 6) in base 10?
-17086
e2 (base 15) to base 12
158
What is 19298 (base 10) in base 12?
b202
Convert -1223 (base 6) to base 3.
-102020
Convert 72 (base 8) to base 10.
58
Convert b6b (base 12) to base 8.
3203
-2212010 (base 3) to base 16
-822
Convert 208 (base 12) to base 15.
14b
Convert -251 (base 12) to base 16.
-15d
13435 (base 7) to base 16
e44
Convert 110a (base 11) to base 10.
1462
What is -544 (base 11) in base 8?
-1215
22c3 (base 14) to base 4
1132203
-161621 (base 7) to base 16
-7c79
-8c (base 15) to base 12
-b0
61133 (base 10) to base 2
1110111011001101
What is -5884 (base 12) in base 6?
-113444
What is 2311 (base 6) in base 13?
331
What is 252b7 (base 12) in base 15?
ee94
Convert 601 (base 7) to base 15.
14a
-3454 (base 7) to base 3
-1201211
-1341241 (base 5) to base 16
-6c30
What is 6ed6 (base 15) in base 14?
885b
What is 2e4b (base 16) in base 10?
11851
Convert 2945 (base 14) to base 9.
11025
Convert -1010001101010100 (base 2) to base 16.
-a354
574 (base 11) to base 9
842
What is -383 (base 14) in base 4?
-22333
-10122 (base 6) to base 5
-20341
Convert 2233 (base 6) to base 15.
250
Convert -1216 (base 10) to base 3.
-1200001
3bcc (base 15) to base 8
30770
Convert -1011001 (base 2) to base 3.
-10022
What is 6559 (base 16) in base 10?
25945
401 (base 6) to base 2
10010001
Convert 445120 (base 6) to base 9.
56283
What is -43227 (base 9) in base 13?
-10045
33310 (base 4) to base 3
1101111
What is -20640 (base 8) in base 3?
-102210211
Convert 18291 (base 11) to base 15.
78db
What is 4e27 (base 15) in base 16?
412f
Convert 2301433 (base 5) to base 8.
117644
What is 1e8 (base 15) in base 11?
373
3969 (base 14) to base 11
7642
-917 (base 10) to base 12
-645
-231332 (base 4) to base 13
-1454
20121 (base 4) to base 10
537
What is -1010011001001 (base 2) in base 5?
-132241
What is -32 (base 10) in base 11?
-2a
32350 (base 7) to base 15
25d1
What is -227 (base 13) in base 14?
-1c7
What is -a99 (base 12) in base 7?
-4353
What is -3a7 (base 13) in base 10?
-644
What is -12312 (base 11) in base 16?
-450f
Convert 20202 (base 5) to base 15.
5bc
-10500 (base 7) to base 2
-101001010110
What is 35351 (base 11) in base 3?
2120221210
Convert 412 (base 11) to base 12.
355
Convert 1221 (base 4) to base 7.
210
Convert a00 (base 11) to base 16.
4ba
1627 (base 10) to base 12
b37
Convert -8e2 (base 15) to base 16.
-7dc
-222001 (base 3) to base 10
-703
-287 (base 15) to base 10
-577
What is -434 (base 6) in base 5?
-1131
Convert 1332 (base 6) to base 12.
248
Convert 1301413 (base 5) to base 15.
7723
Convert 1042 (base 7) to base 8.
565
193 (base 10) to base 14
db
-132 (base 6) to base 4
-320
Convert 499 (base 15) to base 14.
548
Convert 1132 (base 9) to base 5.
11324
5042 (base 13) to base 14
4047
Convert -6023 (base 8) to base 14.
-11ab
-34924 (base 10) to base 9
-52814
443216 (base 7) to base 16
13094
Convert -22225 (base 7) to base 13.
-2722
Convert 4706 (base 8) to base 3.
10102200
Convert -17d88 (base 14) to base 16.
-eb84
What is 285f (base 16) in base 2?
10100001011111
Convert -211002112 (base 3) to base 13.
-743c
What is 81b2 (base 13) in base 6?
214454
Convert 48278 (base 10) to base 12.
23b32
Convert 1950 (base 11) to base 9.
3350
Convert -546 (base 7) to base 8.
-427
-20202002 (base 3) to base 15
-16cb
What is -1934a (base 12) in base 2?
-1000111110101010
Convert 2220122 (base 3) to base 11.
1660
What is -55 (base 13) in base 10?
-70
What is 23200213 (base 4) in base 10?
47143
What is -11c08 (base 14) in base 4?
-22220000
-3260 (base 8) to base 10
-1712
Convert -31260 (base 7) to base 15.
-2426
103a9 (base 12) to base 5
1140142
What is c7 (base 13) in base 10?
163
What is -22a (base 11) in base 15?
-134
What is -10262 (base 7) in base 3?
-10111012
-1077 (base 12) to base 11
-1404
Convert 7609 (base 10) to base 7.
31120
Convert -230122 (base 4) to base 11.
-2154
What is -1c2 (base 13) in base 5?
-2302
-141